ate the greatest common divisor of 84 and 2011758.
42
What is the highest common divisor of 312 and 7566?
78
Calculate the greatest common divisor of 480 and 90560.
160
What is the highest common factor of 9025 and 175?
25
What is the highest common divisor of 288 and 135904?
32
What is the highest common factor of 239173 and 170?
17
Calculate the highest common divisor of 52 and 1982.
2
What is the highest common divisor of 177995 and 1455?
485
What is the greatest common factor of 413664 and 312?
24
What is the greatest common factor of 1578 and 480238?
526
Calculate the greatest common factor of 368 and 12949.
23
Calculate the greatest common factor of 75 and 182550.
75
Calculate the highest common divisor of 342 and 60408.
18
What is the greatest common factor of 9674322 and 14?
14
What is the greatest common divisor of 74022 and 156?
78
Calculate the greatest common divisor of 70 and 4158.
14
Calculate the highest common factor of 227 and 2274767.
227
Calculate the greatest common factor of 112632 and 546.
78
Calculate the highest common divisor of 32065 and 10070.
265
Calculate the greatest common divisor of 292215 and 880.
55
What is the highest common divisor of 31018 and 26?
26
Calculate the greatest common divisor of 736 and 36448.
32
What is the greatest common factor of 549927 and 1548?
387
What is the highest common factor of 40309 and 2249?
173
Calculate the highest common factor of 219653 and 14.
7
What is the greatest common divisor of 193 and 237197?
193
What is the greatest common factor of 1925 and 84161?
77
What is the highest common factor of 8 and 42292?
4
Calculate the highest common factor of 6590 and 628686.
1318
What is the highest common divisor of 580558 and 1210?
242
Calculate the highest common factor of 445 and 1219745.
445
Calculate the highest common divisor of 18 and 10187982.
18
What is the highest common factor of 241472 and 1225?
49
Calculate the highest common factor of 6 and 41196.
6
Calculate the greatest common factor of 1936 and 11264.
176
What is the greatest common factor of 6344 and 208?
104
What is the greatest common divisor of 304 and 4712?
152
Calculate the greatest common divisor of 141472 and 32.
32
What is the greatest common divisor of 34972 and 1036?
28
Calculate the highest common divisor of 221 and 4823.
13
What is the highest common divisor of 714720 and 135?
15
What is the greatest common factor of 90560 and 2560?
320
Calculate the highest common divisor of 140981 and 34.
17
What is the highest common factor of 6 and 168?
6
Calculate the highest common factor of 6316 and 1451101.
1579
Calculate the greatest common divisor of 34771 and 1595.
319
What is the highest common divisor of 852366 and 12?
6
What is the highest common factor of 105 and 2835?
105
Calculate the highest common divisor of 195264 and 64.
64
Calculate the greatest common factor of 288 and 15804.
36
What is the highest common factor of 18319 and 7?
7
Calculate the greatest common divisor of 76751 and 69.
23
Calculate the highest common divisor of 168961 and 5863.
533
Calculate the greatest common divisor of 151840 and 147752.
584
Calculate the greatest common factor of 1340 and 295.
5
Calculate the greatest common factor of 5544 and 8904.
168
Calculate the greatest common divisor of 74679 and 2325.
93
What is the highest common factor of 21 and 364?
7
Calculate the highest common factor of 104320 and 240.
80
What is the greatest common divisor of 168 and 38136?
168
Calculate the greatest common factor of 6201 and 26.
13
What is the highest common divisor of 16 and 626?
2
Calculate the highest common factor of 52516 and 304.
76
Calculate the highest common factor of 1040 and 31616.
208
Calculate the greatest common factor of 14 and 221578.
14
Calculate the highest common divisor of 580 and 170.
10
What is the highest common divisor of 143 and 1793?
11
Calculate the greatest common factor of 36096 and 296.
8
What is the greatest common factor of 8 and 8546440?
8
Calculate the greatest common factor of 2789724 and 96.
12
What is the greatest common divisor of 48 and 789720?
24
What is the highest common factor of 96 and 4428?
12
Calculate the highest common divisor of 7584 and 7200.
96
What is the greatest common factor of 2284 and 20?
4
Calculate the greatest common divisor of 252 and 86058.
126
What is the greatest common factor of 16 and 2?
2
What is the highest common divisor of 60 and 15495?
15
Calculate the highest common factor of 15637 and 361.
19
Calculate the greatest common factor of 11 and 2140259.
11
Calculate the greatest common divisor of 952 and 12152.
56
Calculate the greatest common factor of 70 and 208100.
10
Calculate the highest common factor of 71071 and 847.
77
Calculate the greatest common factor of 3400 and 1105.
85
What is the highest common factor of 11808 and 5986?
82
Calculate the highest common factor of 600 and 193900.
100
Calculate the greatest common divisor of 3400 and 2725.
25
What is the greatest common factor of 189323 and 83?
83
What is the highest common divisor of 265 and 466135?
265
Calculate the greatest common factor of 165 and 232595.
55
What is the greatest common divisor of 124 and 464814?
62
What is the highest common factor of 141528 and 192?
24
What is the greatest common divisor of 4334 and 7128?
22
What is the greatest common divisor of 833350 and 700?
350
Calculate the greatest common divisor of 168 and 19166.
14
What is the highest common divisor of 13874508 and 36?
36
What is the greatest common factor of 275536 and 34?
34
Calculate the highest common factor of 48498 and 9.
3
Calculate the greatest common divisor of 4872 and 2688.
168
Calculate the highest common factor of 5111 and 2489.
19
What is the highest common factor of 102 and 198339?
51
Calculate the greatest common factor of 96 and 10326.
6
Calculate the greatest common factor of 88 and 123112.
88
Calculate the greatest common factor of 16764 and 98.
2
Calculate the highest common divisor of 23 and 3971985.
23
What is the highest common factor of 34321 and 35?
7
What is the greatest common factor of 30552 and 11400?
456
What is the greatest common divisor of 280 and 35945?
35
What is the highest common factor of 880408 and 12?
4
What is the greatest common divisor of 2443 and 133?
7
What is the highest common divisor of 110 and 177474?
22
What is the highest common factor of 40 and 18735?
5
Calculate the highest common divisor of 138681 and 6.
3
Calculate the highest common divisor of 10227 and 581.
7
Calculate the highest common divisor of 54 and 370818.
54
What is the highest common factor of 102 and 521390?
34
Calculate the greatest common factor of 304752 and 231.
21
Calculate the highest common factor of 240055 and 41.
41
What is the highest common divisor of 13 and 281775?
13
What is the greatest common divisor of 83694 and 1482?
78
What is the greatest common factor of 373540 and 475?
95
What is the highest common factor of 447 and 6?
3
What is the greatest common divisor of 3418 and 19238213?
1709
What is the greatest common factor of 24527914 and 326?
326
What is the greatest common divisor of 1039 and 14164687?
1039
What is the highest common divisor of 45506 and 189484?
746
Calculate the greatest common divisor of 142 and 71639.
71
What is the greatest common divisor of 81 and 10665?
27
Calculate the greatest common factor of 1120 and 180.
20
Calculate the highest common divisor of 448 and 23552.
64
What is the highest common divisor of 10 and 115690?
10
What is the greatest common divisor of 16 and 12406?
2
What is the greatest common divisor of 39 and 25299?
3
Calculate the greatest common divisor of 13800 and 380.
20
Calculate the highest common divisor of 50196 and 136704.
1068
What is the greatest common divisor of 551872 and 40?
8
Calculate the greatest common divisor of 14520 and 120.
120
Calculate the greatest common divisor of 72 and 6606.
18
What is the highest common factor of 71 and 2911?
71
What is the greatest common divisor of 6013 and 1113?
7
Calculate the greatest common factor of 115 and 41561.
23
Calculate the highest common factor of 7505 and 407640.
395
What is the greatest common factor of 283206 and 168?
42
Calculate the greatest common divisor of 2277 and 309419.
253
Wha